composite?
False
Is 42689761 prime?
True
Is 20192815 composite?
True
Is 1876559 composite?
False
Is 663517 a composite number?
False
Is 9901687 a composite number?
True
Is 3345535 a composite number?
True
Is 1276859 a prime number?
False
Is 1537843 a composite number?
True
Is 1747841 prime?
False
Is 67628767 a composite number?
False
Is 382859077 a prime number?
False
Is 2481569 a prime number?
False
Is 1305803 a prime number?
True
Is 458246 composite?
True
Is 30180217 a prime number?
False
Is 552641 a composite number?
True
Is 22004795 prime?
False
Is 258171701 composite?
False
Is 6852739 prime?
True
Is 8718163 composite?
False
Is 12770855 composite?
True
Is 25371551 composite?
True
Is 42595667 prime?
False
Is 143508097 prime?
True
Is 5710949 a prime number?
False
Is 980699 composite?
True
Is 1655119 prime?
False
Is 153359519 a composite number?
False
Is 2785297 a composite number?
True
Is 327954479 prime?
True
Is 117984613 a composite number?
False
Is 1412129 a composite number?
True
Is 2190759 prime?
False
Is 62492191 a prime number?
True
Is 57291161 a composite number?
False
Is 552301 a composite number?
False
Is 50909641 a prime number?
False
Is 23099 a prime number?
True
Is 39942949 a composite number?
True
Is 600541 prime?
False
Is 1694081 composite?
False
Is 19749521 prime?
False
Is 51024733 a prime number?
True
Is 79256381 a prime number?
False
Is 6979421 a prime number?
False
Is 120332857 composite?
True
Is 49546723 a prime number?
True
Is 619853 prime?
False
Is 1266229 composite?
False
Is 18649649 composite?
False
Is 1018113247 a composite number?
False
Is 652389067 a composite number?
True
Is 10886479 prime?
False
Is 65494369 a prime number?
True
Is 917385251 prime?
True
Is 1245261 prime?
False
Is 10817 a composite number?
True
Is 395502643 prime?
True
Is 4881386 prime?
False
Is 48179 a composite number?
False
Is 754959 composite?
True
Is 74149 a prime number?
True
Is 9018619 composite?
True
Is 10063843 prime?
False
Is 85824023 a prime number?
True
Is 40450429 composite?
True
Is 23829527 a composite number?
False
Is 448519 composite?
False
Is 11268571 composite?
False
Is 13547339 prime?
False
Is 4625101 prime?
False
Is 28289579 prime?
True
Is 21148669 a prime number?
False
Is 18647921 composite?
False
Is 75888287 composite?
True
Is 35840531 a composite number?
True
Is 34495781 composite?
True
Is 89887463 prime?
True
Is 24360149 prime?
False
Is 153870439 composite?
False
Is 379273 a composite number?
False
Is 32661617 a prime number?
True
Is 319673 composite?
False
Is 13173409 prime?
True
Is 9170113 composite?
True
Is 5269109 a prime number?
True
Is 400447 composite?
True
Is 6267827 prime?
False
Is 1816369 composite?
True
Is 88524347 composite?
True
Is 2080735 prime?
False
Is 10038907 a prime number?
True
Is 17253233 a prime number?
True
Is 51282659 composite?
True
Is 7641719 composite?
True
Is 818826873 prime?
False
Is 73455293 a composite number?
False
Is 149710919 a prime number?
False
Is 18234257 a prime number?
False
Is 3990059 a composite number?
True
Is 11945 a composite number?
True
Is 10796183 composite?
False
Is 7178863 a composite number?
True
Is 7101593 prime?
True
Is 2530139 composite?
False
Is 1624079 a prime number?
False
Is 289183 a composite number?
True
Is 575369 composite?
False
Is 248249 composite?
True
Is 55324673 a prime number?
True
Is 390671 a composite number?
False
Is 552179 composite?
False
Is 214581161 a prime number?
False
Is 31809749 composite?
False
Is 2507129 prime?
False
Is 1264421 a composite number?
True
Is 316986343 a composite number?
True
Is 387273151 prime?
True
Is 11752711 a composite number?
False
Is 330631017 composite?
True
Is 51278 a prime number?
False
Is 9405389 composite?
True
Is 1385413 a composite number?
True
Is 1162037 a composite number?
False
Is 42244595 a prime number?
False
Is 481409 composite?
False
Is 533327741 composite?
False
Is 380309287 composite?
False
Is 173973803 a composite number?
True
Is 15582029 a prime number?
False
Is 12122623 prime?
True
Is 48062851 a composite number?
True
Is 6584549 a composite number?
False
Is 322282027 prime?
True
Is 98239819 composite?
False
Is 6877957 prime?
True
Is 3407459 prime?
False
Is 6591553 a prime number?
True
Is 2862283 a composite number?
True
Is 869131 a prime number?
True
Is 7673869 a composite number?
True
Is 7427698 a composite number?
True
Is 33726239 prime?
True
Is 75343469 composite?
True
Is 1373219 composite?
False
Is 470147 prime?
False
Is 36469091 composite?
True
Is 32528669 a prime number?
True
Is 2583979 a composite number?
False
Is 113429669 a prime number?
False
Is 11986277 prime?
False
Is 3975847 a prime number?
False
Is 961063 composite?
False
Is 1058431 prime?
False
Is 2338499 prime?
False
Is 3328961 composite?
False
Is 20968271 composite?
False
Is 8305295 composite?
True
Is 60559 a prime number?
False
Is 33672623 a prime number?
True
Is 19206773 composite?
False
Is 678287 composite?
True
Is 71056949 a composite number?
False
Is 18018103 a prime number?
False
Is 2759143 composite?
True
Is 1184867 prime?
True
Is 258662309 prime?
True
Is 21955921 prime?
False
Is 1929859 composite?
True
Is 21563401 prime?
False
Is 50279 composite?
True
Is 71576317 a composite number?
True
Is 124702577 prime?
False
Is 304389479 composite?
False
Is 2623489 prime?
False
Is 12926371 a prime number?
False
Is 360123 prime?
False
Is 13595363 a composite number?
True
Is 175880311 composite?
False
Is 280531 a composite number?
True
Is 742509757 composite?
True
Is 94020433 prime?
False
Is 12781987 prime?
False
Is 5563199 a prime number?
False
Is 373903 a prime number?
True
Is 373381 a composite number?
True
Is 7870321 a prime number?
True
Is 9852463 a prime number?
False
Is 238411 a composite number?
True
Is 1753309 prime?
True
Is 6671767 composite?
False
Is 5041913 composite?
False
Is 510295 composite?
True
Is 549258811 prime?
False
Is 7271881 composite?
False
Is 5210929 prime?
True
Is 11221087 composite?
False
Is 143335249 prime?
False
Is 5337889 a composite number?
False
Is 14377567 prime?
True
Is 76423979 composite?
False
Is 23245099 a composite number?
False
Is 152002985 a prime number?
False
Is 1704397 composite?
False
Is 3197869 a prime number?
False
Is 746131163 prime?
True
Is 445625717 composite?
False
Is 9509 composite?
True
Is 301133509 a prime number?
True
Is 2138971 prime?
True
Is 63838766 composite?
True
Is 212213 composite?
True
Is 3501821 a prime number?
True
Is 733235 a composite number?
True
Is 9994261 a composite number?
False
Is 2975879 composite?
False
Is 8548171 composite?
False
Is 232957661 prime?
False
Is 2865713 a prime number?
False
Is 142842031 a composite number?
False
Is 2123123881 composite?
True
Is 450861 prime?
False
Is 1994518 a prime number?
False
Is 17851487 a composite number?
True
Is 5164717 prime?
True
Is 4197599 a composite number?
True
Is 36343869 a composite number?
True
Is 150527891 a prime number?
False
Is 1517813 composite?
True
Is 13812469 prime?
False
Is 7313023 a prime number?
False
Is 6880229 a composite number?
False
Is 12969679 a prime number?
True
Is 473355173 a prime number?
True
Is 6411385 composite?
True
Is 22401851 prime?
True
Is 1396751 a composite number?
False
Is 133606969 a composite number?
False
Is 1823793 composite?
True
Is 548479 a prime number?
False
Is 800281135 prime?
False
Is 364900381 a composite number?
False
Is 19270283 a composite number?
True
Is 3665635 a prime number?
False
Is 147216493 a prime number?
True
Is 1908121 composite?
False
Is 46093569 a composite number?
True
Is 11389471 a composite number?
False
Is 193871 composite?
False
Is 4286161 composite?
True
Is 13915793 a composite number?
False
Is 6144647 composite?
False
Is 236528593 a composite number?
True
Is 2006056907 a composite number?
False
Is 212663 a prime number?
False
Is 457021 a composite number?
False
Is 17201231 prime?
True
Is 33208559 composite?
False
Is 104345831 a composite number?
False
Is 610738437 a prime number?
False
Is 50200723 prime?
True
Is 1044079 a prime number?
True
Is 111863737 a prime number?
True
Is 23480797 composite?
False
Is 11097479 a prime number?
False
Is 808783 a composite number?
True
Is 15585419 a prime number?
False
Is 8577757 a composite number?
False
Is 5560481 a compos